
Let c(j) = -j**3 - 9*j**2 - j - 13. Calculate c(-9).
-4
Let u(p) = 3*p**2 - 131*p + 617. Determine u(32).
-503
Let i(r) = 6*r**2 - 22*r - 76. Give i(7).
64
Let s(f) = f**3 + 9*f + 12. Determine s(5).
182
Let j(x) = -x**2 - 37*x - 275. Give j(-16).
61
Let a(n) = -35*n + 1511. Determine a(43).
6
Let r(d) = 2*d**3 + 35*d**2 - 30*d - 3. Calculate r(-18).
213
Let i(l) = 10949*l + 32838. Give i(-3).
-9
Let n(d) = -d**2 - 157*d + 3535. Calculate n(20).
-5
Let z(p) = p**2 + 40*p - 2641. What is z(-77)?
208
Let w(r) = r**3 + 57*r**2 - 181*r - 20. Determine w(-60).
40
Let j(r) = 419*r + 15929. Give j(-38).
7
Let a(i) = 7*i**3 + 30*i**2 - 13*i - 53. Give a(-5).
-113
Let t(d) = -52*d**2 - 3*d + 2. Determine t(-1).
-47
Let x(s) = -3*s**2 - 116*s - 850. Give x(-7).
-185
Let x(s) = 6*s**2 - 32*s + 36. Give x(7).
106
Let k(j) = 2*j**2 - 17*j + 5. What is k(8)?
-3
Let k(n) = -242*n - 291. Calculate k(-2).
193
Let d(f) = -f**2 - 38*f + 190. Calculate d(-42).
22
Let z(m) = -14*m - 86. Calculate z(7).
-184
Let f(j) = j**3 - 36*j**2 + 14*j + 105. Determine f(35).
-630
Let z(j) = 10*j - 179. What is z(34)?
161
Let r(p) = -4*p - 279. Calculate r(-58).
-47
Let f(c) = c**3 + 20*c**2 + 50*c + 1496. Calculate f(-21).
5
Let a(y) = -y**2 + 3*y - 13. Determine a(-8).
-101
Let w(o) = o**3 + 45*o**2 - 91*o + 194. Give w(-47).
53
Let t(h) = -8*h**2 + 14*h + 94. Calculate t(-5).
-176
Let q(u) = 75*u - 956. Give q(13).
19
Let f(w) = 3*w**2 + 726*w + 725. Calculate f(-1).
2
Let u(b) = -16*b + 127. Determine u(2).
95
Let h(f) = f**3 + 167*f**2 + 2811*f - 166. What is h(-148)?
-18
Let l(g) = 3*g + 159. What is l(-7)?
138
Let j(n) = -7*n**3 + n**2 - 78*n + 78. Calculate j(1).
-6
Let n(l) = -5*l**2 + 283*l - 2923. What is n(43)?
1
Let z(k) = 2*k**3 - 20*k**2 - 20*k - 4. What is z(11)?
18
Let i(f) = -4*f - 280. Determine i(-37).
-132
Let s(v) = 23*v**2 - 3*v + 10. Give s(2).
96
Let o(u) = -1441*u - 1441. Give o(-1).
0
Let l(k) = k**3 - 30*k**2 - 225*k - 46. Give l(-6).
8
Let f(d) = 1049*d - 94426. Give f(90).
-16
Let z(s) = -s**2 - 112*s - 682. Give z(-6).
-46
Let w(h) = 122*h + 704. What is w(-8)?
-272
Let t(q) = -q**2 + 86*q + 856. Calculate t(94).
104
Let d(z) = -62*z + 1696. Give d(27).
22
Let l(v) = 7*v**2 - 130*v + 72. Calculate l(17).
-115
Let u(v) = -95*v + 919. Calculate u(10).
-31
Let j(p) = 1130*p - 6786. What is j(6)?
-6
Let m(x) = 2*x**2 + 9*x - 158. Determine m(-14).
108
Let l(q) = 17*q - 125. Give l(17).
164
Let o(d) = -d**2 + 22*d - 132. Give o(11).
-11
Let g(z) = 23*z - 1119. Give g(47).
-38
Let z(y) = 8995*y + 116950. Calculate z(-13).
15
Let x(l) = -65*l + 3692. What is x(57)?
-13
Let p(j) = 2*j**2 - 46. Calculate p(14).
346
Let s(r) = 2*r**2 + 131*r + 931. Determine s(-8).
11
Let q(i) = -124*i**2 + 11*i + 3. Determine q(2).
-471
Let o(m) = m**3 + 14*m**2 + 17*m + 41. What is o(-14)?
-197
Let h(w) = w**2 - 71*w + 847. Calculate h(47).
-281
Let n(p) = -23*p**3 - 6*p**2 - 9*p - 7. Give n(-1).
19
Let c(i) = -302*i + 1818. Give c(6).
6
Let z(h) = -22*h**2 - 11*h - 4. Give z(-2).
-70
Let n(x) = x**3 - 2. Give n(-4).
-66
Let s(l) = l**2 + 101*l - 1261. Give s(12).
95
Let o(g) = g**3 + 8*g**2 + 9*g + 75. What is o(-8)?
3
Let u(k) = -2*k**2 + 125*k - 869. Calculate u(54).
49
Let j(v) = -3*v**2 - 3*v - 17. What is j(5)?
-107
Let a(g) = -247*g - 350. Calculate a(-4).
638
Let b(q) = -q**2 - 157*q - 4478. Calculate b(-38).
44
Let o(c) = -2*c**3 + 82*c**2 - 343*c - 74. Give o(5).
11
Let k(l) = l**3 + 5*l**2 - 45*l - 303. What is k(-9)?
-222
Let h(q) = 18*q**3 - 191*q**2 + 107*q - 6. Determine h(10).
-36
Let n(p) = p**2 - 19*p + 21. What is n(11)?
-67
Let l(t) = 11*t + 509. What is l(-42)?
47
Let r(p) = -409*p - 82. What is r(0)?
-82
Let y(s) = -695*s - 29197. What is y(-42)?
-7
Let d(t) = -18*t**2 - 1739*t - 1052. Calculate d(-96).
4
Let w(b) = 4*b - 107. What is w(-17)?
-175
Let y(u) = u**3 - 8*u**2 - 41*u - 190. Give y(13).
122
Let x(m) = m**3 + 2*m + 251. Give x(-6).
23
Let d(c) = -15*c - 546. Give d(-37).
9
Let g(v) = -v**3 - 23*v**2 - 108*v - 37. What is g(-17)?
65
Let v(p) = -3*p**2 + 88*p + 212. Give v(32).
-44
Let b(j) = 42*j - 77. Determine b(3).
49
Let l(v) = 27*v - 370. Determine l(16).
62
Let r(w) = 17*w**2 - 213*w + 643. Calculate r(5).
3
Let s(g) = -g**2 - 75*g + 1314. Calculate s(15).
-36
Let h(a) = 6*a**2 - 41*a - 223. Determine h(9).
-106
Let a(n) = 28*n - 391. Calculate a(14).
1
Let d(l) = 81*l - 158. Calculate d(6).
328
Let c(y) = -13*y**2 + 496*y + 497. What is c(-1)?
-12
Let j(q) = -511*q - 2564. Calculate j(-5).
-9
Let w(m) = m**2 + 62*m + 773. Calculate w(-18).
-19
Let k(c) = -c**3 - 6*c**2 - 31*c - 182. Give k(-6).
4
Let l(q) = -q**2 + 32*q - 194. Determine l(23).
13
Let t(j) = -j**3 + 34*j**2 + 52*j - 658. Give t(35).
-63
Let q(y) = -y**2 + 750*y - 7406. What is q(10)?
-6
Let m(t) = 4*t**2 - 164*t - 20512. What is m(-54)?
8
Let c(g) = -14*g + 40. What is c(11)?
-114
Let a(o) = 83*o**3 + o**2 + 8*o - 9. Determine a(1).
83
Let b(v) = -7*v + 40. Determine b(2).
26
Let s(r) = -r**2 + r - 81. Calculate s(18).
-387
Let y(z) = 332*z + 27226. Give y(-82).
2
Let u(a) = -74*a - 695. What is u(-9)?
-29
Let m(a) = -3*a**2 - 107*a + 1. Determine m(-36).
-35
Let z(g) = 6*g**2 + 95*g + 44. Calculate z(-11).
-275
Let r(x) = -x**3 + 15*x**2 - 59*x - 90. What is r(10)?
-180
Let b(s) = -2*s**3 - 4*s**2 + 3*s + 10. What is b(-3)?
19
Let x(q) = 26*q - 7. What is x(3)?
71
Let a(h) = 115*h + 90. What is a(2)?
320
Let d(g) = -169*g - 4383. Calculate d(-26).
11
Let w(n) = 677*n + 48718. Determine w(-72).
-26
Let s(p) = -3*p**2 + 50*p - 36. Give s(14).
76
Let r(w) = -47*w**2 - 2593*w - 423. Give r(-55).
17
Let o(c) = -28*c**2 - 23*c - 76. Give o(-4).
-432
Let w(n) = 10*n**3 + 60*n**2 + 3*n + 15. Determine w(-6).
-3
Let a(g) = -11*g**3 - 11*g**2 - 14*g - 19. Determine a(-3).
221
Let a(d) = -d**2 - 61*d - 620. Determine a(-47).
38
Let n(z) = 2*z**3 - 5*z**2 - 132*z + 16. What is n(-7)?
9
Let y(b) = -249*b - 254. Determine y(-1).
-5
Let h(d) = 18*d - 819. Determine h(44).
-27
Let t(a) = -5*a**2 + 53*a - 83. What is t(5)?
57
Let z(c) = c**3 - 212*c**2 + 9296*c + 589. Determine z(150).
-11
Let f(l) = 10*l**2 - 109*l + 231. Determine f(6).
-63
Let h(i) = i**2 - 15*i + 58. Determine h(8).
2
Let g(i) = -28*i**2 - 262*i - 94. Give g(-9).
-4
Let d(l) = -19*l - 316. Give d(-27).
197
Let g(l) = l**3 - 12*l**2 - 539*l - 30. Determine g(30).
0
Let i(o) = 12*o + 91. Give i(-14).
-77
Let f(d) = d**2 + 24*d - 751. Give f(-42).
5
Let g(p) = -p**3 - 11*p**2 - 15*p - 5. What is g(-7)?
-96
Let y(r) = -r**3 - 7*r**2 - 9*r - 47. Determine y(-4).
-59
Let h(k) = 69*k + 5381. Calculate h(-78).
-1
Let y(s) = 64*s - 2109. Determine y(33).
3
Let i(x) = 32*x - 2. Give i(-5).
-162
Let b(z) = -2*z**2 - 573*z - 10665. Calculate b(-20).
-5
Let k(y) = 2*y**2 + 35*y + 25. What is k(-16)?
-23
Let i(w) = -2*w**3 + 7*w - 180. Determine i(0).
-180
Let g(q) = 422*q + 861. What is g(-2)?
17
Let i(j) = j**3 - j**2 + 8*j + 77. Give i(-5).
-113
Let n(x) = -52*x - 483. Determine n(-9).
-15
Let r(m) = -3*m**3 + 19*m**2 - 30*m. Give r(4).
-8
Let z(s) = -3*s**3 + 83*s**2 - 11*s - 3092. Determine z(26).
2
Let u(r) = -2*r**3 - 126*r**2 - 1672*r + 1. Give u(-19).
1
Let a(m) = 50*m**2 - 14*m + 27. What is a(2)?
199
Let c(z) = 31*z - 355. What is c(9)?
-76
Let w(a) = a**2 - 6. Determine w(-3).
3
Let u(h) = -262*h - 229. Give u(-3).
557
Let y(i) = 4*i + 120. Determine y(21).
204
Let x(p) = 6*p**3 - 120*p**2 - 239*p - 7. Determine x(-2).
-57
Let u(y) = -1926*y + 5770. Determine u(3).
-8
Let c(o) = 27*o**2 - 92*o + 35. Calculate c(2).
-41
Let c(m) = 110*m - 177. What is c(2)?
43
Let i(z) = -2*z**3 + 289*z**2 - 141*z - 395. What is i(144)?
37
Let l(z) = z**3 - 12*z**2 + 32*z - 38. Determine l(11).
193
Let h(m) = 5*m**2 - 207*m - 32. Determine h(42).
94
Let l(s) = -2*s**3 + 67*s**2 - 33*s + 4. What is l(33)?
4
Let t(p) = -p**2 + 61*p - 902. What is t(32)?
26
Let l(r) = 1158*r - 8120. What is l(7)?
-14
Let l(u) = -u**3 - 4*u**2 + 5*u + 3. Determine l(-5).
3
Let u(x) = -15*x**2 - 7*x - 15. Give u(-2).
-61
Let o(v) = 284*v + 2886. Determine o(-12).
-522
Let w(f) = 11*f**3 + 1223*f**2 + 222*f - 15. What is w(-111)?
-15
Let n(s) = -3*s - 21. Calculate n(2).
-27
Let t(v) = -398*v**3 + v**2 - 4*v - 2. What is t(-1)?
401
Let f(m) = 44*m**